{"id":3,"date":"2023-04-05T09:41:20","date_gmt":"2023-04-05T09:41:20","guid":{"rendered":"http:\/\/wspolnotalesnawohyn.pl\/?page_id=3"},"modified":"2023-04-05T20:44:58","modified_gmt":"2023-04-05T20:44:58","slug":"privacy-policy","status":"publish","type":"page","link":"https:\/\/wspolnotalesnawohyn.pl\/index.php\/privacy-policy\/","title":{"rendered":"Polityka Prywatno\u015bci"},"content":{"rendered":"\n<h2 class=\"wp-block-heading\">Kim jeste\u015bmy<\/h2>\n\n\n\n<p>To jest strona Wsp\u00f3lnoty Le\u015bnej Rolnik\u00f3w Wsi Wohy\u0144 pod adresem: https:\/\/wspolnotalesnawohyn.pl.<\/p>\n\n\n\n<h2 class=\"wp-block-heading\">Komentarze<\/h2>\n\n\n\n<p>Kiedy odwiedzaj\u0105cy zostawiaj\u0105 komentarze na stronie, zbieramy dane widoczne w formularzu komentarza, a tak\u017ce adres IP oraz ci\u0105g u\u017cytkownika przegl\u0105darki odwiedzaj\u0105cego w celu wykrycia spamu.<\/p>\n\n\n\n<p>Utworzony z Twojego adresu e-mail anonimowy ci\u0105g (nazywany r\u00f3wnie\u017c hashem) mo\u017ce by\u0107 przekazany do us\u0142ugi Gravatar w celu sprawdzenia, czy z niej korzystasz. Polityka prywatno\u015bci us\u0142ugi Gravatar jest dost\u0119pna pod adresem: <a href=\"https:\/\/automattic.com\/privacy\/\">https:\/\/automattic.com\/privacy\/<\/a>. Po zatwierdzeniu Twojego komentarza, Twoje zdj\u0119cie profilowe jest widoczne publicznie w kontek\u015bcie Twojego komentarza.<\/p>\n\n\n\n<h2 class=\"wp-block-heading\">Media<\/h2>\n\n\n\n<p>Je\u015bli przesy\u0142asz obrazy na stron\u0119 internetow\u0105, nale\u017cy unika\u0107 przesy\u0142ania obraz\u00f3w zawieraj\u0105cych osadzone dane lokalizacyjne (EXIF GPS). Odwiedzaj\u0105cy stron\u0119 mog\u0105 pobra\u0107 i wyodr\u0119bni\u0107 dowolne dane lokalizacyjne z obraz\u00f3w na stronie internetowej.<\/p>\n\n\n\n<h2 class=\"wp-block-heading\">Pliki Cookies<\/h2>\n\n\n\n<p>Je\u015bli zostawisz komentarz na naszej stronie, mo\u017cesz wybra\u0107 opcj\u0119 zapisania swojego imienia, adresu e-mail i strony internetowej w plikach cookie. S\u0105 one dla Twojej wygody, aby nie musia\u0142 ponownie wype\u0142nia\u0107 swoich danych, gdy zostawisz kolejny komentarz. Pliki cookie te b\u0119d\u0105 wa\u017cne przez rok.<\/p>\n\n\n\n<p>Je\u015bli odwiedzisz nasz\u0105 stron\u0119 logowania, ustawimy tymczasowe pliki cookie, aby sprawdzi\u0107, czy Twoja przegl\u0105darka akceptuje pliki cookie. Ten plik cookie nie zawiera danych osobowych i zostanie usuni\u0119ty po zamkni\u0119ciu przegl\u0105darki.<\/p>\n\n\n\n<p>Po zalogowaniu si\u0119 ustawimy r\u00f3wnie\u017c kilka plik\u00f3w cookie, aby zapisa\u0107 informacje o Twoim loginie oraz wybrane opcje wy\u015bwietlania. Pliki cookie dla logowania s\u0105 wa\u017cne przez dwa dni, a pliki cookie dla opcji wy\u015bwietlania &#8211; przez rok. Je\u015bli wybierzesz opcj\u0119 &#8222;Zapami\u0119taj mnie&#8221;, Twoje logowanie b\u0119dzie aktywne przez dwa tygodnie. Je\u015bli wylogujesz si\u0119 z konta, pliki cookie dla logowania zostan\u0105 usuni\u0119te.<\/p>\n\n\n\n<p>Je\u015bli edytujesz lub publikujesz artyku\u0142, w przegl\u0105darce zostanie zapisany dodatkowy plik cookie. Ten plik cookie nie zawiera danych osobowych, a jedynie wskazuje identyfikator postu artyku\u0142u, kt\u00f3ry w\u0142a\u015bnie edytowa\u0142e\u015b. Wygasa on po 1 dniu.<\/p>\n\n\n\n<h2 class=\"wp-block-heading\">Osadzone tre\u015bci z innych stron internetowych<\/h2>\n\n\n\n<p>Artyku\u0142y na tej stronie mog\u0105 zawiera\u0107 osadzone tre\u015bci (np. filmy, obrazy, artyku\u0142y itp.). Osadzone tre\u015bci z innych stron internetowych zachowuj\u0105 si\u0119 dok\u0142adnie tak samo, jakby odwiedzaj\u0105cy odwiedzili t\u0119 inn\u0105 stron\u0119.<\/p>\n\n\n\n<p>Te strony mog\u0105 zbiera\u0107 informacje o Tobie, u\u017cywa\u0107 plik\u00f3w cookie, osadza\u0107 dodatkowe \u015bledzenie os\u00f3b trzecich oraz monitorowa\u0107 Twoje interakcje z osadzon\u0105 tre\u015bci\u0105, w tym \u015bledzenie Twoich interakcji z osadzon\u0105 tre\u015bci\u0105, je\u015bli masz konto i jeste\u015b zalogowany na tej stronie.<\/p>\n\n\n\n<h2 class=\"wp-block-heading\">Z kim dzielimy Twoje dane.<\/h2>\n\n\n\n<p>Je\u015bli poprosisz o zresetowanie has\u0142a, Twoj adres IP zostanie uwzgl\u0119dniony w wiadomo\u015bci e-mail z linkiem resetuj\u0105cym has\u0142o.<\/p>\n\n\n\n<h2 class=\"wp-block-heading\">Jak d\u0142ugo przechowujemy Twoje dane<\/h2>\n\n\n\n<p>Je\u015bli zostawisz komentarz, to jego tre\u015b\u0107 i metadane b\u0119d\u0105 przechowywane bezterminowo. Dzieje si\u0119 tak po to, aby\u015bmy mogli automatycznie rozpoznawa\u0107 i zatwierdza\u0107 ka\u017cdy kolejny komentarz bez konieczno\u015bci umieszczania go w kolejce moderacji.<\/p>\n\n\n\n<p>Dla u\u017cytkownik\u00f3w, kt\u00f3rzy zarejestruj\u0105 si\u0119 na naszej stronie internetowej (je\u015bli tacy istniej\u0105), przechowujemy r\u00f3wnie\u017c informacje osobiste, kt\u00f3re podali w swoim profilu u\u017cytkownika. Wszyscy u\u017cytkownicy mog\u0105 w dowolnym momencie zobaczy\u0107, edytowa\u0107 lub usun\u0105\u0107 swoje dane osobowe (opr\u00f3cz nazwy u\u017cytkownika, kt\u00f3r\u0105 nie mo\u017cna zmieni\u0107). Administratorzy strony internetowej r\u00f3wnie\u017c mog\u0105 przegl\u0105da\u0107 i edytowa\u0107 te informacje.<\/p>\n\n\n\n<h2 class=\"wp-block-heading\">Jakie masz prawa do swoich danych<\/h2>\n\n\n\n<p>Je\u015bli masz konto na tej stronie lub zostawi\u0142e\u015b komentarz, mo\u017cesz poprosi\u0107 o otrzymanie pliku eksportowanego z danymi osobowymi, jakie o Tobie posiadamy, w tym z jakichkolwiek informacji, kt\u00f3re nam przekaza\u0142e\u015b. Mo\u017cesz r\u00f3wnie\u017c poprosi\u0107 o usuni\u0119cie wszystkich danych osobowych, jakie posiadamy o Tobie. Nie obejmuje to jednak \u017cadnych danych, kt\u00f3re jeste\u015bmy zobowi\u0105zani przechowywa\u0107 z powod\u00f3w administracyjnych, prawnych lub bezpiecze\u0144stwa.<\/p>\n\n\n\n<h2 class=\"wp-block-heading\">Dok\u0105d wysy\u0142amy Twoje dane<\/h2>\n\n\n\n<p>Komentarze odwiedzaj\u0105cych mog\u0105 by\u0107 sprawdzane za pomoc\u0105 automatycznej us\u0142ugi wykrywania spamu.<\/p>\n","protected":false},"excerpt":{"rendered":"<p>Kim jeste\u015bmy To jest strona Wsp\u00f3lnoty Le\u015bnej Rolnik\u00f3w Wsi Wohy\u0144 pod adresem: https:\/\/wspolnotalesnawohyn.pl. Komentarze Kiedy odwiedzaj\u0105cy zostawiaj\u0105 komentarze na stronie, zbieramy dane widoczne w formularzu komentarza, a tak\u017ce adres IP oraz ci\u0105g u\u017cytkownika przegl\u0105darki odwiedzaj\u0105cego w celu wykrycia spamu. Utworzony z Twojego adresu e-mail anonimowy ci\u0105g (nazywany r\u00f3wnie\u017c hashem) mo\u017ce by\u0107 przekazany do us\u0142ugi Gravatar [&hellip;]<\/p>\n","protected":false},"author":1,"featured_media":0,"parent":0,"menu_order":0,"comment_status":"closed","ping_status":"open","template":"","meta":{"footnotes":""},"class_list":["post-3","page","type-page","status-publish","hentry"],"_links":{"self":[{"href":"https:\/\/wspolnotalesnawohyn.pl\/index.php\/wp-json\/wp\/v2\/pages\/3","targetHints":{"allow":["GET"]}}],"collection":[{"href":"https:\/\/wspolnotalesnawohyn.pl\/index.php\/wp-json\/wp\/v2\/pages"}],"about":[{"href":"https:\/\/wspolnotalesnawohyn.pl\/index.php\/wp-json\/wp\/v2\/types\/page"}],"author":[{"embeddable":true,"href":"https:\/\/wspolnotalesnawohyn.pl\/index.php\/wp-json\/wp\/v2\/users\/1"}],"replies":[{"embeddable":true,"href":"https:\/\/wspolnotalesnawohyn.pl\/index.php\/wp-json\/wp\/v2\/comments?post=3"}],"version-history":[{"count":1,"href":"https:\/\/wspolnotalesnawohyn.pl\/index.php\/wp-json\/wp\/v2\/pages\/3\/revisions"}],"predecessor-version":[{"id":22,"href":"https:\/\/wspolnotalesnawohyn.pl\/index.php\/wp-json\/wp\/v2\/pages\/3\/revisions\/22"}],"wp:attachment":[{"href":"https:\/\/wspolnotalesnawohyn.pl\/index.php\/wp-json\/wp\/v2\/media?parent=3"}],"curies":[{"name":"wp","href":"https:\/\/api.w.org\/{rel}","templated":true}]}}